{"id":979,"date":"2018-08-30T17:39:50","date_gmt":"2018-08-30T20:39:50","guid":{"rendered":"https:\/\/dgns-nqn.infd.edu.ar\/sitio\/extension\/"},"modified":"2025-07-23T13:02:53","modified_gmt":"2025-07-23T16:02:53","slug":"extension_investigacion","status":"publish","type":"page","link":"https:\/\/dgns-nqn.infd.edu.ar\/sitio\/extension_investigacion\/","title":{"rendered":"Extensi\u00f3n \/ Investigaci\u00f3n"},"content":{"rendered":"<p><span style=\"font-size: x-large;\"><span style=\"font-family: arial,helvetica,sans-serif;\"><span style=\"text-decoration: underline;\">Referentes<\/span>: Facundo Serrano<\/span><\/span><\/p>\n<p><span style=\"font-size: x-large;\"><span style=\"font-family: arial,helvetica,sans-serif;\"><span style=\"font-size: x-large;\"><span style=\"font-family: arial,helvetica,sans-serif;\"><span style=\"text-decoration: underline;\">Correo Electr\u00f3nico<\/span>: dpesextensioninvestigacion@neuquen.edu.ar<\/span><\/span><\/span><\/span><\/p>\n<p><span style=\"font-size: x-large;\"><span style=\"font-family: arial,helvetica,sans-serif;\"><span style=\"text-decoration: underline;\">Horarios de consulta telef\u00f3nica<\/span>:\u00a0 lunes a viernes de 9 a 15 hs<br \/><\/span><\/span><\/p>\n<p><span style=\"font-size: x-large;\"><span style=\"font-family: arial,helvetica,sans-serif;\"><span style=\"text-decoration: underline;\">Tel<\/span>: 4494225<br \/><\/span><\/span><\/p>\n<h3 style=\"text-align: center;\">Normativas Vigentes<\/h3>\n<p><a href=\"https:\/\/dgns-nqn.infd.edu.ar\/sitio\/wp-content\/uploads\/2019\/02\/r_0353_02-Proyectos-sobre-Cursos-de-Capacitaci\u00f3n-y-Perfeccionamiento-en-observaci\u00f3n-practica-y-residencia.pdf\">Resoluci\u00f3n 0353\/2002 Cursos de Capacitaci\u00f3n y Perfeccionamiento en observaci\u00f3n, pr\u00e1ctica y residencia<\/a><\/p>\n<p><a href=\"https:\/\/dgns-nqn.infd.edu.ar\/sitio\/wp-content\/uploads\/2019\/02\/Resoluci\u00f3n-1812.pdf\">Resoluci\u00f3n 1812\/03 &#8211; Extensi\u00f3n<\/a><\/p>\n<p><a href=\"https:\/\/dgns-nqn.infd.edu.ar\/sitio\/wp-content\/uploads\/2019\/02\/Disposici-n-N-051_13.pdf\">Disposici\u00f3n 051\/13 &#8211; Extensi\u00f3n<\/a><\/p>\n<p><a href=\"https:\/\/dgns-nqn.infd.edu.ar\/sitio\/wp-content\/uploads\/2023\/06\/Dispo-069_13.pdf\">Disposici\u00f3n 069\/13 &#8211; Investigaci\u00f3n<\/a><\/p>\n<p><a href=\"https:\/\/dgns-nqn.infd.edu.ar\/sitio\/wp-content\/uploads\/2020\/12\/r_231_2020-Nivel-Superior.pdf\">Resoluci\u00f3n 231\/2020 Nivel Superior (Art. 8 y Anexo III sobre Extensi\u00f3n)<\/a><\/p>\n<h3 style=\"text-align: center;\">Acceso a Avales emitidos por la Direcci\u00f3n Provincial de Educaci\u00f3n Superior<\/h3>\n<h5>\u00a0<\/h5>\n<h5><a href=\"https:\/\/cloud.neuquen.gov.ar\/s\/CybxUgyWL7i9Llq\"><strong>Avales 2025<\/strong><\/a><\/h5>\n<h5><a href=\"https:\/\/cloud.neuquen.gov.ar\/s\/EQujfDSKrxR1oS8\">Avales 2024<\/a><\/h5>\n<h5><a href=\"https:\/\/cloud.neuquen.gov.ar\/s\/FYxR69l4dosFSVh\">Avales 2023<\/a><\/h5>\n<h5><a href=\"https:\/\/cloud.neuquen.gov.ar\/s\/yWUOxmY9lXfHkKF\">Avales 2022<\/a><\/h5>\n<h5><a href=\"https:\/\/cloud.neuquen.gov.ar\/s\/Fa7wCpkrMV0U7rp\">Avales 2021<\/a><\/h5>\n<h5><a href=\"https:\/\/dgns-nqn.infd.edu.ar\/sitio\/extension_investigacion\/avales-2020\/\">Avales 2020<\/a><\/h5>\n<h5><a href=\"https:\/\/dgns-nqn.infd.edu.ar\/sitio\/extension_investigacion\/avales-2019\/\"><strong>Avales 2019<\/strong><\/a><\/h5>\n<h5><a href=\"https:\/\/dgns-nqn.infd.edu.ar\/sitio\/notas-de-aval-2018\/\"><strong>Avales 2018<\/strong><\/a><\/h5>\n<h5><a href=\"https:\/\/dgns-nqn.infd.edu.ar\/sitio\/extension\/notas-de-aval-2017\/\"><strong>Avales 2017<\/strong><\/a><\/h5>\n<h5><a href=\"https:\/\/dgns-nqn.infd.edu.ar\/sitio\/extension\/notas-de-aval-2016\/\">Avales 2016<\/a><\/h5>\n\n\n<p><\/p>\n","protected":false},"excerpt":{"rendered":"<p>Referentes: Facundo Serrano Correo Electr\u00f3nico: dpesextensioninvestigacion@neuquen.edu.ar Horarios de consulta telef\u00f3nica:\u00a0 lunes a viernes de 9 a 15 hs Tel: 4494225 Normativas Vigentes Resoluci\u00f3n 0353\/2002 Cursos de Capacitaci\u00f3n y Perfeccionamiento en observaci\u00f3n, pr\u00e1ctica y residencia Resoluci\u00f3n 1812\/03 &#8211; Extensi\u00f3n Disposici\u00f3n 051\/13 &#8211; Extensi\u00f3n Disposici\u00f3n 069\/13 &#8211; Investigaci\u00f3n Resoluci\u00f3n 231\/2020 Nivel Superior (Art. 8 y Anexo III &#8230; <a title=\"Extensi\u00f3n \/ Investigaci\u00f3n\" class=\"read-more\" href=\"https:\/\/dgns-nqn.infd.edu.ar\/sitio\/extension_investigacion\/\" aria-label=\"More on Extensi\u00f3n \/ Investigaci\u00f3n\">[+]<\/a><\/p>\n","protected":false},"author":90,"featured_media":0,"parent":0,"menu_order":0,"comment_status":"closed","ping_status":"closed","template":"","meta":[],"acf":[],"_links":{"self":[{"href":"https:\/\/dgns-nqn.infd.edu.ar\/sitio\/wp-json\/wp\/v2\/pages\/979"}],"collection":[{"href":"https:\/\/dgns-nqn.infd.edu.ar\/sitio\/wp-json\/wp\/v2\/pages"}],"about":[{"href":"https:\/\/dgns-nqn.infd.edu.ar\/sitio\/wp-json\/wp\/v2\/types\/page"}],"author":[{"embeddable":true,"href":"https:\/\/dgns-nqn.infd.edu.ar\/sitio\/wp-json\/wp\/v2\/users\/90"}],"replies":[{"embeddable":true,"href":"https:\/\/dgns-nqn.infd.edu.ar\/sitio\/wp-json\/wp\/v2\/comments?post=979"}],"version-history":[{"count":36,"href":"https:\/\/dgns-nqn.infd.edu.ar\/sitio\/wp-json\/wp\/v2\/pages\/979\/revisions"}],"predecessor-version":[{"id":1551,"href":"https:\/\/dgns-nqn.infd.edu.ar\/sitio\/wp-json\/wp\/v2\/pages\/979\/revisions\/1551"}],"wp:attachment":[{"href":"https:\/\/dgns-nqn.infd.edu.ar\/sitio\/wp-json\/wp\/v2\/media?parent=979"}],"curies":[{"name":"wp","href":"https:\/\/api.w.org\/{rel}","templated":true}]}}