{"id":1023,"date":"2018-08-30T17:40:14","date_gmt":"2018-08-30T20:40:14","guid":{"rendered":"https:\/\/dgns-nqn.infd.edu.ar\/sitio\/transformacion-curricular-del-profesorado-de-educacion-fisica-en-neuquen\/"},"modified":"2018-08-30T17:40:14","modified_gmt":"2018-08-30T20:40:14","slug":"transformacion-curricular-del-profesorado-de-educacion-fisica-en-neuquen","status":"publish","type":"page","link":"https:\/\/dgns-nqn.infd.edu.ar\/sitio\/transformacion-curricular-del-profesorado-de-educacion-fisica-en-neuquen\/","title":{"rendered":"Transformaci\u00f3n Curricular del Profesorado de Educaci\u00f3n F\u00edsica en Neuqu\u00e9n"},"content":{"rendered":"<p><span style=\"font-size: 10pt; font-family: tahoma, arial, helvetica, sans-serif;\">La Direcci&oacute;n General Nivel Superior comenz&oacute; el proceso de transformaci&oacute;n curricular de los Profesorados de Educaci&oacute;n F&iacute;sica en Neuqu&eacute;n, siguiendo la normativa nacional que regula y acompa&ntilde;a el proceso de transformaci&oacute;n en las jurisdicciones.<\/span><\/p>\n<p><span style=\"font-size: 10pt; font-family: tahoma, arial, helvetica, sans-serif;\">El desarrollo curricular se concibe como una construcci&oacute;n realizada por todos los actores que forman parte de la formaci&oacute;n de los futuros docentes de Educaci&oacute;n F&iacute;sica, como as&iacute; tambi&eacute;n es importante que se puedan sumar opiniones de otros sectores que atraviesan la formaci&oacute;n.<\/span><\/p>\n<p><span style=\"font-size: 10pt; font-family: tahoma, arial, helvetica, sans-serif;\">La Direcci&oacute;n General Educaci&oacute;n Superior brindar&aacute; el apoyo t&eacute;cnico necesario a las Instituciones Privadas&nbsp; que dictan la mencionada carrera, las cuales llevar&aacute;n adelante la construcci&oacute;n de un nuevo Dise&ntilde;o Curricular, participando de 4 (cuatro) encuentros de dos d&iacute;as c\/u, &nbsp;con una &nbsp;especialista curricularista de la Provincia de C&oacute;rdoba, &nbsp;quien ha participado en el dise&ntilde;o&nbsp; curricular de &nbsp;Educaci&oacute;n F&iacute;sica de otras jurisdicciones.<\/span><\/p>\n<p><span style=\"font-size: 10pt; font-family: tahoma, arial, helvetica, sans-serif;\">Dichos encuentros se realizar&aacute;n alternadamente en las&nbsp; instalaciones de las&nbsp; dos Instituciones (IFES y S&Egrave;NECA).<\/span><\/p>\n<p><span style=\"font-size: 10pt; font-family: tahoma, arial, helvetica, sans-serif;\">El equipo t&eacute;cnico de la Direcci&oacute;n General Nivel Superior participar&aacute; en el acompa&ntilde;amiento y construcci&oacute;n de este &nbsp;Dise&ntilde;o.<\/span><\/p>\n<p><span style=\"font-size: 10pt; font-family: tahoma, arial, helvetica, sans-serif;\">Se ha organizado &nbsp;adem&aacute;s,&nbsp; luego de los avances parciales &nbsp;de esta tarea, visitas &nbsp;al INFOD en (Bs.As.) &nbsp;para &nbsp;consultar e intercambiar con &nbsp;el equipo T&eacute;cnico de Desarrollo Curricular&nbsp; y que a su vez puedan ir realizando sus aportes a la construcci&oacute;n de este Dise&ntilde;o&nbsp; Provincial.<\/span><\/p>\n<p><span style=\"font-size: 10pt; font-family: tahoma, arial, helvetica, sans-serif;\"><strong>Documentos Utilizados<\/strong><\/span><\/p>\n<p><span style=\"font-size: 10pt; font-family: tahoma, arial, helvetica, sans-serif;\"><a href=\"http:\/\/portal.educacion.gov.ar\/consejo\/files\/2009\/12\/decreto_144_08.pdf\" target=\"_blank\">Decreto PE N&ordf; 144<\/a><\/span><\/p>\n<p><span style=\"font-size: 10pt; font-family: tahoma, arial, helvetica, sans-serif;\"><a title=\"educ fisica\" href=\"upload\/2407anexo01Lineamientos_curriculares1.pdf\" target=\"_blank\">Res. 24\/07<\/a><\/span><\/p>\n<p><span style=\"font-size: 10pt; font-family: tahoma, arial, helvetica, sans-serif;\"><a title=\"Res. 30\/07\" href=\"upload\/3007anexo01Institucionalidad_de_la_form1.pdf\" target=\"_blank\">Res. 30\/0<\/a>7<\/span><\/p>\n<p><span style=\"font-size: 10pt; font-family: tahoma, arial, helvetica, sans-serif;\"><a href=\"http:\/\/www.me.gov.ar\/consejo\/resoluciones\/res08\/74-08-anexo01.pdf\">Res. 74\/08<\/a><\/span><\/p>\n<p><span style=\"font-size: 10pt; font-family: tahoma, arial, helvetica, sans-serif;\"><a title=\"Resoluci&oacute;n N&deg; 1528\/09\" href=\"upload\/r_1528_09_Anexo_I_y_II.pdf\" target=\"_blank\">Dise&ntilde;o Curricular de Nivel Inicial<\/a><\/span><\/p>\n<p><span style=\"font-size: 10pt; font-family: tahoma, arial, helvetica, sans-serif;\"><a title=\"Resoluci&oacute;n N&deg; 1528\/09\" href=\"upload\/r_1528_09_Anexo_I_y_II.pdf\" target=\"_blank\">Dise&ntilde;o Curricular de Nivel Primario<\/a><\/span><\/p>\n<p><span style=\"font-size: 10pt; font-family: tahoma, arial, helvetica, sans-serif;\"><a title=\"Documento de Recomendaciones del INFOD\" href=\"upload\/Recomendacioners_Infod.pdf\" target=\"_blank\">Documento de Recomendaciones del INFOD<\/a><\/span><\/p>\n<p><span style=\"font-size: 10pt; font-family: tahoma, arial, helvetica, sans-serif;\"><a title=\"Consulta supervisores\" href=\"upload\/Consulta_supervisores1.doc\" target=\"_blank\">Disparadores para los supervisores<\/a><\/span><\/p>\n<p>&nbsp;<\/p>\n<p style=\"text-align: center;\">&nbsp;<\/p>\n<div><span style=\"font-size: 10pt; font-family: tahoma, arial, helvetica, sans-serif;\"> <\/span><br \/>\n<object style=\"width: 400px; height: 320px; display: block; margin-left: auto; margin-right: auto;\" width=\"100\" height=\"100\" data=\"http:\/\/widget-e2.slide.com\/widgets\/slideticker.swf\" type=\"application\/x-shockwave-flash\"><param name=\"data\" value=\"http:\/\/widget-e2.slide.com\/widgets\/slideticker.swf\"><param name=\"name\" value=\"flashticker\"><param name=\"align\" value=\"middle\"><param name=\"flashvars\" value=\"cy=bb&amp;il=1&amp;channel=1513209474824628450&amp;site=widget-e2.slide.com\"><param name=\"src\" value=\"http:\/\/widget-e2.slide.com\/widgets\/slideticker.swf\"><param name=\"wmode\" value=\"transparent\"><param name=\"quality\" value=\"high\"><\/object><\/p>\n<div style=\"width: 400px;\"><span style=\"font-size: 10pt; font-family: tahoma, arial, helvetica, sans-serif;\"><a href=\"http:\/\/www.slide.com\/pivot?cy=bb&amp;at=un&amp;id=1513209474824628450&amp;map=1\" target=\"_blank\"><img decoding=\"async\" src=\"http:\/\/widget-e2.slide.com\/p1\/1513209474824628450\/bb_t054_v000_s0un_f00\/images\/xslide1.gif\" border=\"0\"><\/a> <a href=\"http:\/\/www.slide.com\/pivot?cy=bb&amp;at=un&amp;id=1513209474824628450&amp;map=2\" target=\"_blank\"><img decoding=\"async\" src=\"http:\/\/widget-e2.slide.com\/p2\/1513209474824628450\/bb_t054_v000_s0un_f00\/images\/xslide2.gif\" border=\"0\"><\/a> <a href=\"http:\/\/www.slide.com\/pivot?cy=bb&amp;at=un&amp;id=1513209474824628450&amp;map=F\" target=\"_blank\"><img decoding=\"async\" src=\"http:\/\/widget-e2.slide.com\/p4\/1513209474824628450\/bb_t054_v000_s0un_f00\/images\/xslide42.gif\" border=\"0\"><\/a><\/span><\/div>\n<\/div>\n<p>&nbsp;<\/p>\n<p>&nbsp;<\/p>\n<p>&nbsp;<\/p>\n<p>&nbsp;<\/p>\n<p><span style=\"font-size: 10pt; font-family: tahoma, arial, helvetica, sans-serif;\"><strong><br \/><\/strong><\/span><\/p>\n<p><span style=\"font-size: 10pt; font-family: tahoma, arial, helvetica, sans-serif;\"><strong><span style=\"text-decoration: underline;\"><br \/><\/span><\/strong><\/span><\/p>\n<p><span style=\"font-size: 10pt; font-family: tahoma, arial, helvetica, sans-serif;\"><strong><span style=\"text-decoration: underline;\"><br \/><\/span><\/strong><\/span><\/p><\/p>\n","protected":false},"excerpt":{"rendered":"<p>La Direcci&oacute;n General Nivel Superior comenz&oacute; el proceso de transformaci&oacute;n curricular de los Profesorados de Educaci&oacute;n F&iacute;sica en Neuqu&eacute;n, siguiendo la normativa nacional que regula y acompa&ntilde;a el proceso de transformaci&oacute;n en las jurisdicciones. El desarrollo curricular se concibe como una construcci&oacute;n realizada por todos los actores que forman parte de la formaci&oacute;n de los &#8230; <a title=\"Transformaci\u00f3n Curricular del Profesorado de Educaci\u00f3n F\u00edsica en Neuqu\u00e9n\" class=\"read-more\" href=\"https:\/\/dgns-nqn.infd.edu.ar\/sitio\/transformacion-curricular-del-profesorado-de-educacion-fisica-en-neuquen\/\" aria-label=\"More on Transformaci\u00f3n Curricular del Profesorado de Educaci\u00f3n F\u00edsica en Neuqu\u00e9n\">[+]<\/a><\/p>\n","protected":false},"author":90,"featured_media":0,"parent":0,"menu_order":0,"comment_status":"closed","ping_status":"closed","template":"","meta":[],"acf":[],"_links":{"self":[{"href":"https:\/\/dgns-nqn.infd.edu.ar\/sitio\/wp-json\/wp\/v2\/pages\/1023"}],"collection":[{"href":"https:\/\/dgns-nqn.infd.edu.ar\/sitio\/wp-json\/wp\/v2\/pages"}],"about":[{"href":"https:\/\/dgns-nqn.infd.edu.ar\/sitio\/wp-json\/wp\/v2\/types\/page"}],"author":[{"embeddable":true,"href":"https:\/\/dgns-nqn.infd.edu.ar\/sitio\/wp-json\/wp\/v2\/users\/90"}],"replies":[{"embeddable":true,"href":"https:\/\/dgns-nqn.infd.edu.ar\/sitio\/wp-json\/wp\/v2\/comments?post=1023"}],"version-history":[{"count":0,"href":"https:\/\/dgns-nqn.infd.edu.ar\/sitio\/wp-json\/wp\/v2\/pages\/1023\/revisions"}],"wp:attachment":[{"href":"https:\/\/dgns-nqn.infd.edu.ar\/sitio\/wp-json\/wp\/v2\/media?parent=1023"}],"curies":[{"name":"wp","href":"https:\/\/api.w.org\/{rel}","templated":true}]}}

Transformación Curricular del Profesorado de Educación Física en Neuquén

<p>La Direcci&oacute;n General Nivel Superior comenz&oacute; el proceso de transformaci&oacute;n curricular de los Profesorados de Educaci&oacute;n F&iacute;sica en Neuqu&eacute;n, siguiendo la normativa nacional que regula y acompa&ntilde;a el proceso de transformaci&oacute;n en las jurisdicciones. El desarrollo curricular se concibe como una construcci&oacute;n realizada por todos los actores que forman parte de la formaci&oacute;n de los &#8230; <a title="Transformación Curricular del Profesorado de Educación Física en Neuquén" class="read-more" href="https://dgns-nqn.infd.edu.ar/sitio/transformacion-curricular-del-profesorado-de-educacion-fisica-en-neuquen/" aria-label="More on Transformación Curricular del Profesorado de Educación Física en Neuquén">[+]</a></p>
